{"id":6,"date":"2026-05-08T22:39:14","date_gmt":"2026-05-08T22:39:14","guid":{"rendered":"https:\/\/metodomarlon.villapantyonline.com\/?page_id=6"},"modified":"2026-05-09T03:31:17","modified_gmt":"2026-05-09T03:31:17","slug":"metodo-marlon","status":"publish","type":"page","link":"https:\/\/metodomarlon.villapantyonline.com\/","title":{"rendered":"M\u00e9todo Marlon"},"content":{"rendered":"\t\t<div data-elementor-type=\"wp-page\" data-elementor-id=\"6\" class=\"elementor elementor-6\" data-elementor-post-type=\"page\">\n\t\t\t\t<div class=\"elementor-element elementor-element-8c66303 e-flex e-con-boxed e-con e-parent\" data-id=\"8c66303\" data-element_type=\"container\" data-e-type=\"container\" data-settings=\"{&quot;background_background&quot;:&quot;classic&quot;}\">\n\t\t\t\t\t<div class=\"e-con-inner\">\n\t\t\t\t<div class=\"elementor-element elementor-element-8560bf0 elementor-widget elementor-widget-heading\" data-id=\"8560bf0\" data-element_type=\"widget\" data-e-type=\"widget\" data-widget_type=\"heading.default\">\n\t\t\t\t\t<h2 class=\"elementor-heading-title elementor-size-default\"><a class=\"textcolor\">.<\/a>M\u00e9todo<a class=\"textcolor\">.<\/a>Marlon<a class=\"textcolor\">.<\/a><\/h2>\t\t\t\t<\/div>\n\t\t\t\t\t<\/div>\n\t\t\t\t<\/div>\n\t\t<div class=\"elementor-element elementor-element-15151c5 e-flex e-con-boxed e-con e-parent\" data-id=\"15151c5\" data-element_type=\"container\" data-e-type=\"container\" data-settings=\"{&quot;background_background&quot;:&quot;classic&quot;}\">\n\t\t\t\t\t<div class=\"e-con-inner\">\n\t\t\t\t<div class=\"elementor-element elementor-element-396f3e4 elementor-widget elementor-widget-heading\" data-id=\"396f3e4\" data-element_type=\"widget\" data-e-type=\"widget\" data-widget_type=\"heading.default\">\n\t\t\t\t\t<h2 class=\"elementor-heading-title elementor-size-default\">Atenci\u00f3n due\u00f1os de tiendas f\u00edsicas que desean  tener una tienda en l\u00ednea sin depender del punto de venta.<\/h2>\t\t\t\t<\/div>\n\t\t\t\t<div class=\"elementor-element elementor-element-34179e1 elementor-widget elementor-widget-text-editor\" data-id=\"34179e1\" data-element_type=\"widget\" data-e-type=\"widget\" data-widget_type=\"text-editor.default\">\n\t\t\t\t\t\t\t\t\t<p>Te llevamos de la mano para crear y lanzar tu e-commerce, tu catalogo digital, un chat bot para todas tus redes sociales y tu equipo de logistica y atencion al cliente.\u00a0 En los proximos 3 meses vas a facturar 600 mil pesos extra sin depender de la tienda fisica\u00a0con el m\u00e9todo M\u00e9todo Marlon.\u00a0<\/p>\t\t\t\t\t\t\t\t<\/div>\n\t\t<div class=\"elementor-element elementor-element-f0f55a3 e-grid e-con-full e-con e-child\" data-id=\"f0f55a3\" data-element_type=\"container\" data-e-type=\"container\">\n\t\t<div class=\"elementor-element elementor-element-e66b1be e-con-full e-flex e-con e-child\" data-id=\"e66b1be\" data-element_type=\"container\" data-e-type=\"container\" data-settings=\"{&quot;background_background&quot;:&quot;classic&quot;}\">\n\t\t<div class=\"elementor-element elementor-element-c1065fd e-con-full e-flex e-con e-child\" data-id=\"c1065fd\" data-element_type=\"container\" data-e-type=\"container\">\n\t\t\t\t<div class=\"elementor-element elementor-element-f92fd1c elementor-position-inline-start elementor-widget__width-auto elementor-mobile-position-inline-start elementor-view-default elementor-widget elementor-widget-icon-box\" data-id=\"f92fd1c\" data-element_type=\"widget\" data-e-type=\"widget\" data-widget_type=\"icon-box.default\">\n\t\t\t\t\t\t\t<div class=\"elementor-icon-box-wrapper\">\n\n\t\t\t\t\t\t<div class=\"elementor-icon-box-icon\">\n\t\t\t\t<span  class=\"elementor-icon\">\n\t\t\t\t<svg aria-hidden=\"true\" class=\"e-font-icon-svg e-fas-play\" viewBox=\"0 0 448 512\" xmlns=\"http:\/\/www.w3.org\/2000\/svg\"><path d=\"M424.4 214.7L72.4 6.6C43.8-10.3 0 6.1 0 47.9V464c0 37.5 40.7 60.1 72.4 41.3l352-208c31.4-18.5 31.5-64.1 0-82.6z\"><\/path><\/svg>\t\t\t\t<\/span>\n\t\t\t<\/div>\n\t\t\t\n\t\t\t\t\t\t<div class=\"elementor-icon-box-content\">\n\n\t\t\t\t\t\t\t\t\t<h3 class=\"elementor-icon-box-title\">\n\t\t\t\t\t\t<span  >\n\t\t\t\t\t\t\tPASO 1\t\t\t\t\t\t<\/span>\n\t\t\t\t\t<\/h3>\n\t\t\t\t\n\t\t\t\t\t\t\t\t\t<p class=\"elementor-icon-box-description\">\n\t\t\t\t\t\t<b>MIRA EL VIDEO<\/b>\t\t\t\t\t<\/p>\n\t\t\t\t\n\t\t\t<\/div>\n\t\t\t\n\t\t<\/div>\n\t\t\t\t\t\t<\/div>\n\t\t\t\t<div class=\"elementor-element elementor-element-ab228c9 elementor-widget elementor-widget-html\" data-id=\"ab228c9\" data-element_type=\"widget\" data-e-type=\"widget\" data-widget_type=\"html.default\">\n\t\t\t\t\t<!-- HS METODOMARLON - Video Player Widget para Elementor Pro HTML -->\r\n<link rel=\"stylesheet\" href=\"https:\/\/cdnjs.cloudflare.com\/ajax\/libs\/font-awesome\/6.5.1\/css\/all.min.css\">\r\n<style>\r\n  @import url('https:\/\/fonts.googleapis.com\/css2?family=Montserrat:wght@300;600;700&display=swap');\r\n\r\n  #hs-metodomarlon-wrapper {\r\n    position: relative;\r\n    width: 100%;\r\n    max-width: 860px;\r\n    margin: 0 auto;\r\n    font-family: 'Montserrat', sans-serif;\r\n  }\r\n\r\n  #hs-metodomarlon-container {\r\n    position: relative;\r\n    width: 100%;\r\n    border-radius: 18px;\r\n    overflow: hidden;\r\n    background: #0a0a0a;\r\n    box-shadow:\r\n      0 0 0 1px rgba(235, 88, 157, 0.25),\r\n      0 8px 40px rgba(235, 88, 157, 0.18),\r\n      0 32px 80px rgba(0, 0, 0, 0.6);\r\n    transition: box-shadow 0.4s ease;\r\n  }\r\n\r\n  #hs-metodomarlon-container:hover {\r\n    box-shadow:\r\n      0 0 0 1.5px rgba(235, 88, 157, 0.5),\r\n      0 12px 60px rgba(235, 88, 157, 0.28),\r\n      0 40px 100px rgba(0, 0, 0, 0.7);\r\n  }\r\n\r\n  \/* Aspect ratio 16:9 *\/\r\n  .hs-metodomarlon-ratio {\r\n    position: relative;\r\n    padding-top: 56.25%;\r\n  }\r\n\r\n  #hs-metodomarlon-video {\r\n    position: absolute;\r\n    inset: 0;\r\n    width: 100%;\r\n    height: 100%;\r\n    object-fit: cover;\r\n    display: block;\r\n    border-radius: 18px;\r\n  }\r\n\r\n  \/* Overlay gradient top & bottom *\/\r\n  .hs-metodomarlon-overlay {\r\n    position: absolute;\r\n    inset: 0;\r\n    border-radius: 18px;\r\n    background:\r\n      linear-gradient(to bottom,\r\n        rgba(0,0,0,0.35) 0%,\r\n        transparent 25%,\r\n        transparent 65%,\r\n        rgba(0,0,0,0.75) 100%);\r\n    pointer-events: none;\r\n    z-index: 2;\r\n    transition: opacity 0.3s ease;\r\n  }\r\n\r\n  \/* Play button overlay *\/\r\n  #hs-metodomarlon-play-btn {\r\n    position: absolute;\r\n    inset: 0;\r\n    display: flex;\r\n    align-items: center;\r\n    justify-content: center;\r\n    z-index: 10;\r\n    cursor: pointer;\r\n    transition: opacity 0.35s ease;\r\n  }\r\n\r\n  #hs-metodomarlon-play-btn.hs-hidden {\r\n    opacity: 0;\r\n    pointer-events: none;\r\n  }\r\n\r\n  .hs-metodomarlon-play-circle {\r\n    width: 80px;\r\n    height: 80px;\r\n    border-radius: 4px;\r\n    background: rgba(235, 88, 157, 0.92);\r\n    display: flex;\r\n    align-items: center;\r\n    justify-content: center;\r\n    box-shadow: 0 0 0 0 rgba(235, 88, 157, 0.5);\r\n    animation: hs-pulse 2s infinite;\r\n    transition: transform 0.2s ease, background 0.2s ease;\r\n  }\r\n\r\n  .hs-metodomarlon-play-circle:hover {\r\n    transform: scale(1.1);\r\n    background: #eb589d;\r\n  }\r\n\r\n  .hs-metodomarlon-play-circle i {\r\n    font-size: 32px;\r\n    color: #fff;\r\n    line-height: 1;\r\n    display: flex;\r\n    align-items: center;\r\n    justify-content: center;\r\n  }\r\n\r\n  @keyframes hs-pulse {\r\n    0%   { box-shadow: 0 0 0 0 rgba(235,88,157,0.55); }\r\n    70%  { box-shadow: 0 0 0 18px rgba(235,88,157,0); }\r\n    100% { box-shadow: 0 0 0 0 rgba(235,88,157,0); }\r\n  }\r\n\r\n  \/* Controls bar *\/\r\n  #hs-metodomarlon-controls {\r\n    position: absolute;\r\n    bottom: 0;\r\n    left: 0;\r\n    right: 0;\r\n    z-index: 5;\r\n    padding: 10px 16px 14px;\r\n    display: flex;\r\n    align-items: center;\r\n    gap: 12px;\r\n    opacity: 0;\r\n    transition: opacity 0.3s ease;\r\n  }\r\n\r\n  #hs-metodomarlon-container:hover #hs-metodomarlon-controls {\r\n    opacity: 1;\r\n  }\r\n\r\n  \/* Progress bar *\/\r\n  #hs-metodomarlon-progress-wrap {\r\n    flex: 1;\r\n    height: 4px;\r\n    background: rgba(255,255,255,0.2);\r\n    border-radius: 999px;\r\n    cursor: pointer;\r\n    position: relative;\r\n  }\r\n\r\n  #hs-metodomarlon-progress-wrap:hover {\r\n    height: 6px;\r\n  }\r\n\r\n  #hs-metodomarlon-progress-bar {\r\n    height: 100%;\r\n    width: 0%;\r\n    background: linear-gradient(90deg, #eb589d, #ff8cc6);\r\n    border-radius: 999px;\r\n    transition: width 0.1s linear;\r\n    position: relative;\r\n  }\r\n\r\n  #hs-metodomarlon-progress-bar::after {\r\n    content: '';\r\n    position: absolute;\r\n    right: -5px;\r\n    top: 50%;\r\n    transform: translateY(-50%);\r\n    width: 10px;\r\n    height: 10px;\r\n    background: #fff;\r\n    border-radius: 50%;\r\n    box-shadow: 0 0 4px rgba(235,88,157,0.8);\r\n    opacity: 0;\r\n    transition: opacity 0.2s;\r\n  }\r\n\r\n  #hs-metodomarlon-progress-wrap:hover #hs-metodomarlon-progress-bar::after {\r\n    opacity: 1;\r\n  }\r\n\r\n  \/* Buttons in controls *\/\r\n  .hs-ctrl-btn {\r\n    background: none;\r\n    border: none;\r\n    cursor: pointer;\r\n    padding: 4px;\r\n    display: flex;\r\n    align-items: center;\r\n    justify-content: center;\r\n    color: #fff;\r\n    transition: color 0.2s, transform 0.15s;\r\n    flex-shrink: 0;\r\n  }\r\n\r\n  .hs-ctrl-btn:hover {\r\n    color: #eb589d;\r\n    transform: scale(1.15);\r\n  }\r\n\r\n  .hs-ctrl-btn svg {\r\n    width: 20px;\r\n    height: 20px;\r\n    fill: currentColor;\r\n  }\r\n\r\n  \/* Time *\/\r\n  #hs-metodomarlon-time {\r\n    color: rgba(255,255,255,0.85);\r\n    font-size: 11px;\r\n    font-weight: 600;\r\n    letter-spacing: 0.03em;\r\n    white-space: nowrap;\r\n    flex-shrink: 0;\r\n  }\r\n\r\n  \/* Volume slider *\/\r\n  #hs-metodomarlon-volume {\r\n    -webkit-appearance: none;\r\n    width: 70px;\r\n    height: 4px;\r\n    border-radius: 999px;\r\n    background: rgba(255,255,255,0.2);\r\n    outline: none;\r\n    cursor: pointer;\r\n    flex-shrink: 0;\r\n  }\r\n\r\n  #hs-metodomarlon-volume::-webkit-slider-thumb {\r\n    -webkit-appearance: none;\r\n    width: 12px;\r\n    height: 12px;\r\n    border-radius: 50%;\r\n    background: #eb589d;\r\n    cursor: pointer;\r\n  }\r\n\r\n  \/* Muted badge *\/\r\n  #hs-metodomarlon-muted-badge {\r\n    position: absolute;\r\n    top: 14px;\r\n    right: 16px;\r\n    z-index: 10;\r\n    background: rgba(0,0,0,0.65);\r\n    color: #fff;\r\n    font-size: 11px;\r\n    font-weight: 600;\r\n    padding: 5px 12px;\r\n    border-radius: 999px;\r\n    border: 1px solid rgba(235,88,157,0.5);\r\n    display: flex;\r\n    align-items: center;\r\n    gap: 6px;\r\n    cursor: pointer;\r\n    transition: background 0.2s, opacity 0.3s;\r\n    letter-spacing: 0.04em;\r\n  }\r\n\r\n  #hs-metodomarlon-muted-badge:hover {\r\n    background: rgba(235,88,157,0.8);\r\n  }\r\n\r\n  #hs-metodomarlon-muted-badge.hs-hidden {\r\n    opacity: 0;\r\n    pointer-events: none;\r\n  }\r\n\r\n  #hs-metodomarlon-muted-badge svg {\r\n    width: 14px;\r\n    height: 14px;\r\n    fill: #fff;\r\n  }\r\n\r\n  \/* Fullscreen button *\/\r\n  #hs-metodomarlon-fullscreen {\r\n    flex-shrink: 0;\r\n  }\r\n<\/style>\r\n\r\n<div id=\"hs-metodomarlon-wrapper\">\r\n  <div id=\"hs-metodomarlon-container\">\r\n    <div class=\"hs-metodomarlon-ratio\">\r\n\r\n      <video\r\n        id=\"hs-metodomarlon-video\"\r\n        src=\"https:\/\/METODOMARLON.b-cdn.net\/VSL%20-%20Corregido.mp4\"\r\n        playsinline\r\n        preload=\"metadata\"\r\n        muted\r\n      ><\/video>\r\n\r\n      <div class=\"hs-metodomarlon-overlay\"><\/div>\r\n\r\n      <!-- Play button central -->\r\n      <div id=\"hs-metodomarlon-play-btn\">\r\n        <div class=\"hs-metodomarlon-play-circle\">\r\n          <i class=\"fa-solid fa-play\"><\/i>\r\n        <\/div>\r\n      <\/div>\r\n\r\n      <!-- Muted badge -->\r\n      <div id=\"hs-metodomarlon-muted-badge\">\r\n        <svg viewBox=\"0 0 24 24\"><path d=\"M16.5 12c0-1.77-.77-3.37-2-4.47v2.24l2 2c0-.09.02-.17.02-.27zm2 0c0 .94-.2 1.82-.54 2.64l1.51 1.51C20.63 14.91 21 13.5 21 12c0-4.28-2.99-7.86-7-8.77v2.06c2.89.86 5 3.54 5 6.71zM4.27 3L3 4.27 7.73 9H3v6h4l5 5v-6.73l4.25 4.25c-.67.52-1.42.93-2.25 1.18v2.06c1.38-.31 2.63-.95 3.69-1.81L19.73 21 21 19.73l-9-9L4.27 3zM12 4L9.91 6.09 12 8.18V4z\"\/><\/svg>\r\n        Toca para escuchar\r\n      <\/div>\r\n\r\n      <!-- Controls -->\r\n      <div id=\"hs-metodomarlon-controls\">\r\n        <!-- Play\/Pause -->\r\n        <button class=\"hs-ctrl-btn\" id=\"hs-ctrl-playpause\" title=\"Play\/Pause\">\r\n          <svg id=\"hs-icon-pause\" viewBox=\"0 0 24 24\" style=\"display:none\"><path d=\"M6 19h4V5H6v14zm8-14v14h4V5h-4z\"\/><\/svg>\r\n          <svg id=\"hs-icon-play\" viewBox=\"0 0 24 24\"><path d=\"M8 5v14l11-7z\"\/><\/svg>\r\n        <\/button>\r\n\r\n        <!-- Progress -->\r\n        <div id=\"hs-metodomarlon-progress-wrap\">\r\n          <div id=\"hs-metodomarlon-progress-bar\"><\/div>\r\n        <\/div>\r\n\r\n        <!-- Time -->\r\n        <span id=\"hs-metodomarlon-time\">0:00 \/ 0:00<\/span>\r\n\r\n        <!-- Volume -->\r\n        <button class=\"hs-ctrl-btn\" id=\"hs-ctrl-mute\" title=\"Mute\/Unmute\">\r\n          <svg id=\"hs-icon-vol\" viewBox=\"0 0 24 24\"><path d=\"M3 9v6h4l5 5V4L7 9H3zm13.5 3c0-1.77-.77-3.37-2-4.47v8.94c1.23-1.1 2-2.7 2-4.47z\"\/><\/svg>\r\n          <svg id=\"hs-icon-mute\" viewBox=\"0 0 24 24\" style=\"display:none\"><path d=\"M16.5 12c0-1.77-.77-3.37-2-4.47v2.24l2 2c0-.09.02-.17.02-.27zm2 0c0 .94-.2 1.82-.54 2.64l1.51 1.51C20.63 14.91 21 13.5 21 12c0-4.28-2.99-7.86-7-8.77v2.06c2.89.86 5 3.54 5 6.71zM4.27 3L3 4.27 7.73 9H3v6h4l5 5v-6.73l4.25 4.25c-.67.52-1.42.93-2.25 1.18v2.06c1.38-.31 2.63-.95 3.69-1.81L19.73 21 21 19.73l-9-9L4.27 3zM12 4L9.91 6.09 12 8.18V4z\"\/><\/svg>\r\n        <\/button>\r\n        <input type=\"range\" id=\"hs-metodomarlon-volume\" min=\"0\" max=\"1\" step=\"0.05\" value=\"1\">\r\n\r\n        <!-- Fullscreen -->\r\n        <button class=\"hs-ctrl-btn\" id=\"hs-metodomarlon-fullscreen\" title=\"Pantalla completa\">\r\n          <svg viewBox=\"0 0 24 24\"><path d=\"M7 14H5v5h5v-2H7v-3zm-2-4h2V7h3V5H5v5zm12 7h-3v2h5v-5h-2v3zM14 5v2h3v3h2V5h-5z\"\/><\/svg>\r\n        <\/button>\r\n      <\/div>\r\n\r\n    <\/div>\r\n  <\/div>\r\n<\/div>\r\n\r\n<script>\r\n(function() {\r\n  var video      = document.getElementById('hs-metodomarlon-video');\r\n  var playBtn    = document.getElementById('hs-metodomarlon-play-btn');\r\n  var mutedBadge = document.getElementById('hs-metodomarlon-muted-badge');\r\n  var progressBar= document.getElementById('hs-metodomarlon-progress-bar');\r\n  var progressWrap=document.getElementById('hs-metodomarlon-progress-wrap');\r\n  var timeEl     = document.getElementById('hs-metodomarlon-time');\r\n  var volSlider  = document.getElementById('hs-metodomarlon-volume');\r\n  var ctrlPlay   = document.getElementById('hs-ctrl-playpause');\r\n  var ctrlMute   = document.getElementById('hs-ctrl-mute');\r\n  var fsBtn      = document.getElementById('hs-metodomarlon-fullscreen');\r\n  var iconPlay   = document.getElementById('hs-icon-play');\r\n  var iconPause  = document.getElementById('hs-icon-pause');\r\n  var iconVol    = document.getElementById('hs-icon-vol');\r\n  var iconMute   = document.getElementById('hs-icon-mute');\r\n  var container  = document.getElementById('hs-metodomarlon-container');\r\n\r\n  var scrollTriggered = false;\r\n\r\n  \/\/ Format seconds to m:ss\r\n  function fmt(s) {\r\n    var m = Math.floor(s \/ 60);\r\n    var sec = Math.floor(s % 60);\r\n    return m + ':' + (sec < 10 ? '0' : '') + sec;\r\n  }\r\n\r\n  \/\/ Update play\/pause icons\r\n  function syncPlayIcon() {\r\n    if (video.paused) {\r\n      iconPlay.style.display  = '';\r\n      iconPause.style.display = 'none';\r\n      playBtn.classList.remove('hs-hidden');\r\n    } else {\r\n      iconPlay.style.display  = 'none';\r\n      iconPause.style.display = '';\r\n      playBtn.classList.add('hs-hidden');\r\n    }\r\n  }\r\n\r\n  \/\/ Update mute icons\r\n  function syncMuteIcon() {\r\n    if (video.muted || video.volume === 0) {\r\n      iconVol.style.display  = 'none';\r\n      iconMute.style.display = '';\r\n    } else {\r\n      iconVol.style.display  = '';\r\n      iconMute.style.display = 'none';\r\n    }\r\n  }\r\n\r\n  \/\/ Autoplay muted on scroll 50px\r\n  function onScroll() {\r\n    if (scrollTriggered) return;\r\n    var scrollY = window.scrollY || window.pageYOffset;\r\n    if (scrollY >= 50) {\r\n      scrollTriggered = true;\r\n      video.muted = true;\r\n      video.play().then(function() {\r\n        syncPlayIcon();\r\n        mutedBadge.classList.remove('hs-hidden');\r\n      }).catch(function(){});\r\n      window.removeEventListener('scroll', onScroll);\r\n    }\r\n  }\r\n\r\n  window.addEventListener('scroll', onScroll, { passive: true });\r\n\r\n  \/\/ Big play button click\r\n  playBtn.addEventListener('click', function() {\r\n    if (video.paused) {\r\n      video.play();\r\n    } else {\r\n      video.pause();\r\n    }\r\n  });\r\n\r\n  \/\/ Controls play\/pause\r\n  ctrlPlay.addEventListener('click', function() {\r\n    if (video.paused) { video.play(); } else { video.pause(); }\r\n  });\r\n\r\n  video.addEventListener('play',  syncPlayIcon);\r\n  video.addEventListener('pause', syncPlayIcon);\r\n\r\n  \/\/ Progress update\r\n  video.addEventListener('timeupdate', function() {\r\n    if (!video.duration) return;\r\n    var pct = (video.currentTime \/ video.duration) * 100;\r\n    progressBar.style.width = pct + '%';\r\n    timeEl.textContent = fmt(video.currentTime) + ' \/ ' + fmt(video.duration);\r\n  });\r\n\r\n  \/\/ Seek on progress bar click\r\n  progressWrap.addEventListener('click', function(e) {\r\n    var rect = progressWrap.getBoundingClientRect();\r\n    var pct  = (e.clientX - rect.left) \/ rect.width;\r\n    video.currentTime = pct * video.duration;\r\n  });\r\n\r\n  \/\/ Mute badge click \u2192 unmute\r\n  mutedBadge.addEventListener('click', function() {\r\n    video.muted = false;\r\n    video.volume = 1;\r\n    volSlider.value = 1;\r\n    syncMuteIcon();\r\n    mutedBadge.classList.add('hs-hidden');\r\n  });\r\n\r\n  \/\/ Mute button\r\n  ctrlMute.addEventListener('click', function() {\r\n    video.muted = !video.muted;\r\n    if (!video.muted) mutedBadge.classList.add('hs-hidden');\r\n    syncMuteIcon();\r\n  });\r\n\r\n  \/\/ Volume slider\r\n  volSlider.addEventListener('input', function() {\r\n    video.volume = parseFloat(this.value);\r\n    video.muted  = (video.volume === 0);\r\n    if (!video.muted) mutedBadge.classList.add('hs-hidden');\r\n    syncMuteIcon();\r\n  });\r\n\r\n  \/\/ Fullscreen\r\n  fsBtn.addEventListener('click', function() {\r\n    if (document.fullscreenElement) {\r\n      document.exitFullscreen();\r\n    } else {\r\n      container.requestFullscreen && container.requestFullscreen();\r\n    }\r\n  });\r\n\r\n  \/\/ Double click on video = fullscreen\r\n  video.addEventListener('dblclick', function() {\r\n    if (document.fullscreenElement) {\r\n      document.exitFullscreen();\r\n    } else {\r\n      container.requestFullscreen && container.requestFullscreen();\r\n    }\r\n  });\r\n\r\n  \/\/ Click on video = play\/pause\r\n  video.addEventListener('click', function() {\r\n    if (video.paused) { video.play(); } else { video.pause(); }\r\n  });\r\n\r\n  \/\/ Init icons\r\n  syncPlayIcon();\r\n  syncMuteIcon();\r\n})();\r\n<\/script>\t\t\t\t<\/div>\n\t\t\t\t<\/div>\n\t\t\t\t<\/div>\n\t\t<div class=\"elementor-element elementor-element-b4949f9 e-con-full e-flex e-con e-child\" data-id=\"b4949f9\" data-element_type=\"container\" data-e-type=\"container\" data-settings=\"{&quot;background_background&quot;:&quot;classic&quot;}\">\n\t\t<div class=\"elementor-element elementor-element-215fcb6 e-con-full e-flex e-con e-child\" data-id=\"215fcb6\" data-element_type=\"container\" data-e-type=\"container\">\n\t\t\t\t<div class=\"elementor-element elementor-element-dd1e8d2 elementor-widget__width-auto elementor-view-default elementor-position-block-start elementor-mobile-position-block-start elementor-widget elementor-widget-icon-box\" data-id=\"dd1e8d2\" data-element_type=\"widget\" data-e-type=\"widget\" data-widget_type=\"icon-box.default\">\n\t\t\t\t\t\t\t<div class=\"elementor-icon-box-wrapper\">\n\n\t\t\t\t\t\t<div class=\"elementor-icon-box-icon\">\n\t\t\t\t<span  class=\"elementor-icon\">\n\t\t\t\t<svg aria-hidden=\"true\" class=\"e-font-icon-svg e-far-calendar-check\" viewBox=\"0 0 448 512\" xmlns=\"http:\/\/www.w3.org\/2000\/svg\"><path d=\"M400 64h-48V12c0-6.627-5.373-12-12-12h-40c-6.627 0-12 5.373-12 12v52H160V12c0-6.627-5.373-12-12-12h-40c-6.627 0-12 5.373-12 12v52H48C21.49 64 0 85.49 0 112v352c0 26.51 21.49 48 48 48h352c26.51 0 48-21.49 48-48V112c0-26.51-21.49-48-48-48zm-6 400H54a6 6 0 0 1-6-6V160h352v298a6 6 0 0 1-6 6zm-52.849-200.65L198.842 404.519c-4.705 4.667-12.303 4.637-16.971-.068l-75.091-75.699c-4.667-4.705-4.637-12.303.068-16.971l22.719-22.536c4.705-4.667 12.303-4.637 16.97.069l44.104 44.461 111.072-110.181c4.705-4.667 12.303-4.637 16.971.068l22.536 22.718c4.667 4.705 4.636 12.303-.069 16.97z\"><\/path><\/svg>\t\t\t\t<\/span>\n\t\t\t<\/div>\n\t\t\t\n\t\t\t\t\t\t<div class=\"elementor-icon-box-content\">\n\n\t\t\t\t\t\t\t\t\t<h3 class=\"elementor-icon-box-title\">\n\t\t\t\t\t\t<span  >\n\t\t\t\t\t\t\tPASO 2: Agenda tu llamada \t\t\t\t\t\t<\/span>\n\t\t\t\t\t<\/h3>\n\t\t\t\t\n\t\t\t\t\n\t\t\t<\/div>\n\t\t\t\n\t\t<\/div>\n\t\t\t\t\t\t<\/div>\n\t\t\t\t<div class=\"elementor-element elementor-element-27023eb elementor-widget__width-initial elementor-widget elementor-widget-heading\" data-id=\"27023eb\" data-element_type=\"widget\" data-e-type=\"widget\" data-widget_type=\"heading.default\">\n\t\t\t\t\t<h2 class=\"elementor-heading-title elementor-size-default\">Este paso se quitara autom\u00e1ticamente cuando el contador llegue a cero. <a class=\"textcolor\">Solo los candidatos m\u00e1s comprometidos <\/a> podr\u00e1n agendar su llamada de aplicaci\u00f3n.<\/h2>\t\t\t\t<\/div>\n\t\t\t\t<div class=\"elementor-element elementor-element-e9d0914 elementor-countdown--label-block elementor-widget elementor-widget-countdown\" data-id=\"e9d0914\" data-element_type=\"widget\" data-e-type=\"widget\" data-widget_type=\"countdown.default\">\n\t\t\t\t\t\t\t<div data-evergreen-interval=\"43380\" data-expire-actions=\"[{&quot;type&quot;:&quot;hide&quot;}]\" class=\"elementor-countdown-wrapper\" data-date=\"\">\n\t\t\t<div class=\"elementor-countdown-item\"><span class=\"elementor-countdown-digits elementor-countdown-minutes\"><\/span> <span class=\"elementor-countdown-label\">Minutos<\/span><\/div><div class=\"elementor-countdown-item\"><span class=\"elementor-countdown-digits elementor-countdown-seconds\"><\/span> <span class=\"elementor-countdown-label\">Segundos<\/span><\/div>\t\t<\/div>\n\t\t\t\t\t\t<\/div>\n\t\t\t\t<div class=\"elementor-element elementor-element-8f5d6fe elementor-widget-divider--view-line elementor-widget elementor-widget-divider\" data-id=\"8f5d6fe\" data-element_type=\"widget\" data-e-type=\"widget\" data-widget_type=\"divider.default\">\n\t\t\t\t\t\t\t<div class=\"elementor-divider\">\n\t\t\t<span class=\"elementor-divider-separator\">\n\t\t\t\t\t\t<\/span>\n\t\t<\/div>\n\t\t\t\t\t\t<\/div>\n\t\t\t\t<\/div>\n\t\t\t\t<div class=\"elementor-element elementor-element-fd4f2ba elementor-widget elementor-widget-html\" data-id=\"fd4f2ba\" data-element_type=\"widget\" data-e-type=\"widget\" data-widget_type=\"html.default\">\n\t\t\t\t\t<div class=\"calendly-inline-widget\" \n  data-url=\"https:\/\/calendly.com\/metodomarlon-villapantyonline\/metodomarlon\" \n  style=\"min-width:100%; height:700px; border-radius:20px;\">\n<\/div>\n<script src=\"https:\/\/assets.calendly.com\/assets\/external\/widget.js\" async><\/script>\t\t\t\t<\/div>\n\t\t\t\t<\/div>\n\t\t\t\t<\/div>\n\t\t\t\t\t<\/div>\n\t\t\t\t<\/div>\n\t\t\t\t<\/div>\n\t\t","protected":false},"excerpt":{"rendered":"<p>.M\u00e9todo.Marlon. Atenci\u00f3n due\u00f1os de tiendas f\u00edsicas que desean tener una tienda en l\u00ednea sin depender del punto de venta. Te llevamos de la mano para crear y lanzar tu e-commerce, tu catalogo digital, un chat bot para todas tus redes sociales y tu equipo de logistica y atencion al cliente.\u00a0 En los proximos 3 meses [&hellip;]<\/p>\n","protected":false},"author":1,"featured_media":0,"parent":0,"menu_order":0,"comment_status":"open","ping_status":"closed","template":"elementor_canvas","meta":{"footnotes":""},"class_list":["post-6","page","type-page","status-publish","hentry"],"_links":{"self":[{"href":"https:\/\/metodomarlon.villapantyonline.com\/index.php?rest_route=\/wp\/v2\/pages\/6","targetHints":{"allow":["GET"]}}],"collection":[{"href":"https:\/\/metodomarlon.villapantyonline.com\/index.php?rest_route=\/wp\/v2\/pages"}],"about":[{"href":"https:\/\/metodomarlon.villapantyonline.com\/index.php?rest_route=\/wp\/v2\/types\/page"}],"author":[{"embeddable":true,"href":"https:\/\/metodomarlon.villapantyonline.com\/index.php?rest_route=\/wp\/v2\/users\/1"}],"replies":[{"embeddable":true,"href":"https:\/\/metodomarlon.villapantyonline.com\/index.php?rest_route=%2Fwp%2Fv2%2Fcomments&post=6"}],"version-history":[{"count":5,"href":"https:\/\/metodomarlon.villapantyonline.com\/index.php?rest_route=\/wp\/v2\/pages\/6\/revisions"}],"predecessor-version":[{"id":61,"href":"https:\/\/metodomarlon.villapantyonline.com\/index.php?rest_route=\/wp\/v2\/pages\/6\/revisions\/61"}],"wp:attachment":[{"href":"https:\/\/metodomarlon.villapantyonline.com\/index.php?rest_route=%2Fwp%2Fv2%2Fmedia&parent=6"}],"curies":[{"name":"wp","href":"https:\/\/api.w.org\/{rel}","templated":true}]}}